{"id":1702,"date":"2024-03-19T14:42:18","date_gmt":"2024-03-19T14:42:18","guid":{"rendered":"https:\/\/www.clausing-tiefbau.com\/clausing\/?page_id=1702"},"modified":"2024-04-09T11:11:21","modified_gmt":"2024-04-09T11:11:21","slug":"presse","status":"publish","type":"page","link":"https:\/\/www.clausing-tiefbau.com\/clausing\/presse\/","title":{"rendered":"Presse"},"content":{"rendered":"<section class=\"l-section wpb_row height_large\"><div class=\"l-section-h i-cf\"><div class=\"g-cols vc_row via_grid cols_1 laptops-cols_inherit tablets-cols_inherit mobiles-cols_1 valign_top type_default stacking_default\" style=\"--gap:6rem;\"><div class=\"wpb_column vc_column_container\"><div class=\"vc_column-inner\"><div class=\"g-cols wpb_row via_grid cols_1 laptops-cols_inherit tablets-cols_inherit mobiles-cols_1 valign_top type_default stacking_default\" style=\"--gap:3rem;\"><div class=\"wpb_column vc_column_container\"><div class=\"vc_column-inner\"><h1 class=\"w-post-elm post_title align_left entry-title color_link_inherit\">Presse<\/h1><div class=\"w-separator size_medium\"><\/div><div class=\"w-tabs style_default switch_click accordion has_scrolling\" style=\"--sections-title-size:inherit\"><div class=\"w-tabs-sections titles-align_none icon_chevron cpos_right\"><div class=\"w-tabs-section active has_text_color\" id=\"gbb5\" style=\"color:var(--color-header-middle-text-hover);\"><button class=\"w-tabs-section-header active\" aria-controls=\"content-gbb5\" aria-expanded=\"true\"><div class=\"w-tabs-section-title\">Video: F\u00f6rderpreis f\u00fcr Clausing | Fl\u00fcssigboden Osnabr\u00fcck<\/div><div class=\"w-tabs-section-control\"><\/div><\/button><div  class=\"w-tabs-section-content\" id=\"content-gbb5\"><div class=\"w-tabs-section-content-h i-cf\"><div class=\"wpb_text_column us_custom_df5f4c97 has_text_color\"><div class=\"wpb_wrapper\"><p>Der F\u00f6rderpreis des F\u00f6rderkreises Innungsbetriebe Handwerk e. V. wurde in feierlichem Rahmen, in den R\u00e4umen der Vereinigten Volksbank eG Bramgau, im Mai 2022 \u00fcbergeben. F\u00fcr die Jahre 2020 und 2021 wurden insgesamt 6 Betriebe ausgezeichnet. Die Firma Clausing GmbH wurde geehrt f\u00fcr den neuen Betriebszweig \u201cBodenmanagement Fl\u00fcssigboden Osnabr\u00fcck\u201d. Durch diesen Gesch\u00e4ftszweig werden Aushubb\u00f6den zu 90% in den Kreislauf zur\u00fcck gef\u00fchrt, das Grundwasser wird gesch\u00fctzt, Abfallmengen werden reduziert und Co\u00b2 wird eingespart.<\/p>\n<\/div><\/div><div class=\"w-separator size_medium\"><\/div><div class=\"w-video align_none ratio_16x9 has_iframe\"><div class=\"w-video-h\"><iframe title=\"Youtube video player\" src=\"\/\/www.youtube.com\/embed\/3RVXeAR3xf4?autoplay=0&controls=1&origin=https:\/\/www.clausing-tiefbau.com\/clausing&loop=0&mute=0\" allowfullscreen=\"1\" loading=\"lazy\"><\/iframe><\/div><div class=\"w-video-icon\" style=\"font-size:1.5rem;background:rgba(0,0,0,0.5);color:#fff\"><\/div><\/div><\/div><\/div><\/div><div class=\"w-tabs-section has_text_color\" id=\"z29c\" style=\"color:var(--color-header-middle-text-hover);\"><button class=\"w-tabs-section-header\" aria-controls=\"content-z29c\" aria-expanded=\"false\"><div class=\"w-tabs-section-title\">Video: Innovativ &amp; nachhaltig | Fl\u00fcssigboden Osnabr\u00fcck<\/div><div class=\"w-tabs-section-control\"><\/div><\/button><div  class=\"w-tabs-section-content\" id=\"content-z29c\"><div class=\"w-tabs-section-content-h i-cf\"><div class=\"wpb_text_column us_custom_df5f4c97 has_text_color\"><div class=\"wpb_wrapper\"><p>Innovativ &amp; nachhaltig \u2013 Erfahren Sie mehr \u00fcber unser Angebot zum Thema Fl\u00fcssigboden Osnabr\u00fcck\u00a0in diesem Video:<\/p>\n<\/div><\/div><div class=\"w-separator size_medium\"><\/div><div class=\"w-video align_none ratio_16x9 has_iframe\"><div class=\"w-video-h\"><iframe title=\"Youtube video player\" src=\"\/\/www.youtube.com\/embed\/UTmuTmj_vYc?autoplay=0&controls=1&origin=https:\/\/www.clausing-tiefbau.com\/clausing&loop=0&mute=0\" allowfullscreen=\"1\" loading=\"lazy\"><\/iframe><\/div><div class=\"w-video-icon\" style=\"font-size:1.5rem;background:rgba(0,0,0,0.5);color:#fff\"><\/div><\/div><\/div><\/div><\/div><div class=\"w-tabs-section has_text_color\" id=\"f675\" style=\"color:var(--color-header-middle-text-hover);\"><button class=\"w-tabs-section-header\" aria-controls=\"content-f675\" aria-expanded=\"false\"><div class=\"w-tabs-section-title\">Zeitungsberichte<\/div><div class=\"w-tabs-section-control\"><\/div><\/button><div  class=\"w-tabs-section-content\" id=\"content-f675\"><div class=\"w-tabs-section-content-h i-cf\"><div class=\"wpb_text_column us_custom_df5f4c97 has_text_color\"><div class=\"wpb_wrapper\"><ul>\n<li><a href=\"https:\/\/www.clausing-tiefbau.com\/clausing\/wp-content\/uploads\/2017\/11\/Interview_Hr_Staub.pdf\" target=\"_blank\" rel=\"&quot;noopener noopener\">\u201eWir brauchen ein Bauministerium mit realer Ausrichtung\u201c \u2013 ein Interview mit Christian Staub (Die Baustelle, Oktober 2017) <\/a><\/li>\n<li><a href=\"https:\/\/www.clausing-tiefbau.com\/clausing\/wp-content\/uploads\/2014\/02\/interview-staub.pdf\" target=\"_blank\" rel=\"&quot;noopener noopener\">\u201eDer Mittelstand muss sich wieder st\u00e4rker vernetzen\u201c \u2013 ein Interview mit Christian Staub (Die Baustelle, Juli 2016)<\/a><\/li>\n<li><a href=\"http:\/\/bvn.de\/Presse\/2016\/05-11-neuer-bvn-pr%C3%A4sident.php\">Christian Staub neuer Pr\u00e4sident des Baugewerbeverbandes Niedersachsen (Die Baustelle, Mai 2016)<\/a><\/li>\n<li><a ref=\"magnificPopup\" href=\"https:\/\/www.clausing-tiefbau.com\/clausing\/wp-content\/uploads\/2015\/11\/ON_am_Sonntag_25_10_2015.jpg\" target=\"_blank\" rel=\"noopener noreferrer\">S\u00fc\u00dfes gegen Staustellen-Frust (ON, 25.10.2015)<\/a><\/li>\n<li><a href=\"http:\/\/www.noz.de\/lokales\/osnabrueck\/artikel\/627096\/ab-freitag-wieder-freie-fahrt-am-osnabrucker-hasetor\" target=\"_blank\" rel=\"noopener noreferrer\">Baustelle Hasetor fr\u00fcher beendet (NOZ, 15.10.2015)<\/a><\/li>\n<li><a href=\"http:\/\/www.noz.de\/lokales\/osnabrueck\/artikel\/523172\/sperrung-nach-rohrbruch-am-altstadt-bahnhof-bis-dienstag#gallery&amp;50681&amp;0&amp;523172\" target=\"_blank\" rel=\"noopener noreferrer\">\u00dcberschwemmung vor Altstadtbahnhof beseitigt (NOZ, 17.11.2014)<\/a><\/li>\n<li><a href=\"http:\/\/www.noz.de\/lokales\/osnabrueck\/artikel\/522922\/erich-maria-remarque-ring-teilweise-uberschwemmt#gallery&amp;50681&amp;0&amp;522922\" target=\"_blank\" rel=\"noopener noreferrer\">Erich Maria Remarque Ring \u00fcberschwemmt (NOZ, 16.11.2014)<\/a><\/li>\n<li><a href=\"http:\/\/www.die-sanierung.com\/diesanierung\/wp-content\/uploads\/2014\/03\/2-Artikel-NOZ-zu-Rohrbruch-Im-Quellengrund-Wallenhorst.pdf\" target=\"_blank\" rel=\"noopener noreferrer\">Rohrbruch am Piesberg: Leck repariert (NOZ, 16.01.2014)<\/a><\/li>\n<li><a href=\"https:\/\/www.clausing-tiefbau.com\/clausing\/wp-content\/uploads\/2014\/02\/presse_dasmotorrad.pdf\" target=\"_blank\" rel=\"noopener noreferrer\">Das Motorrad aus der Flugzeughalle (NOZ, 2000)<\/a><\/li>\n<li><a href=\"https:\/\/www.clausing-tiefbau.com\/clausing\/wp-content\/uploads\/2014\/02\/presse_fastjedebohrung.pdf\" target=\"_blank\" rel=\"noopener noreferrer\">Fast jede Bohrung war ein Treffer (NOZ, September 2006)<\/a><\/li>\n<li><a href=\"http:\/\/www.wn.de\/Muensterland\/Kreis-Steinfurt\/Lengerich\/2008\/07\/Lengerich-Riesenroehre-wird-2000-Meter-lang\" target=\"_blank\" rel=\"noopener noreferrer\">Riesenr\u00f6hre wird 2000 Meter lang (WN, 16.03.2008)<\/a><\/li>\n<\/ul>\n<\/div><\/div><\/div><\/div><\/div><div class=\"w-tabs-section has_text_color\" id=\"ycfe\" style=\"color:var(--color-header-middle-text-hover);\"><button class=\"w-tabs-section-header\" aria-controls=\"content-ycfe\" aria-expanded=\"false\"><div class=\"w-tabs-section-title\">TV-Bericht: Ausbildung zum Stra\u00dfenbauer<\/div><div class=\"w-tabs-section-control\"><\/div><\/button><div  class=\"w-tabs-section-content\" id=\"content-ycfe\"><div class=\"w-tabs-section-content-h i-cf\"><div class=\"wpb_text_column us_custom_df5f4c97 has_text_color\"><div class=\"wpb_wrapper\"><p>Dominique Winters und Dominik Strohmeier machen eine Ausbildung zum Stra\u00dfenbauer. Was dabei alles wichtig ist, zeigt dieser Beitrag der Ausbildungsserie von OS1.TV:<\/p>\n<\/div><\/div><div class=\"w-separator size_medium\"><\/div><div class=\"w-video align_none ratio_16x9 has_iframe\"><div class=\"w-video-h\"><iframe title=\"Youtube video player\" src=\"\/\/www.youtube.com\/embed\/PKSTg1suxrM?autoplay=0&controls=1&origin=https:\/\/www.clausing-tiefbau.com\/clausing&loop=0&mute=0\" allowfullscreen=\"1\" loading=\"lazy\"><\/iframe><\/div><div class=\"w-video-icon\" style=\"font-size:1.5rem;background:rgba(0,0,0,0.5);color:#fff\"><\/div><\/div><\/div><\/div><\/div><\/div><\/div><div class=\"w-separator size_medium\"><\/div><\/div><\/div><\/div><\/div><\/div><\/div><\/div><\/section>\n","protected":false},"excerpt":{"rendered":"PresseVideo: F\u00f6rderpreis f\u00fcr Clausing | Fl\u00fcssigboden Osnabr\u00fcckDer F\u00f6rderpreis des F\u00f6rderkreises Innungsbetriebe Handwerk e. V. wurde in feierlichem Rahmen, in den R\u00e4umen der Vereinigten Volksbank eG Bramgau, im Mai 2022 \u00fcbergeben. F\u00fcr die Jahre 2020 und 2021 wurden insgesamt 6 Betriebe ausgezeichnet. Die Firma Clausing GmbH wurde geehrt f\u00fcr den neuen Betriebszweig \u201cBodenmanagement Fl\u00fcssigboden Osnabr\u00fcck\u201d. Durch...","protected":false},"author":1,"featured_media":0,"parent":0,"menu_order":0,"comment_status":"closed","ping_status":"closed","template":"","meta":{"footnotes":""},"class_list":["post-1702","page","type-page","status-publish","hentry"],"yoast_head":"<!-- This site is optimized with the Yoast SEO plugin v27.3 - https:\/\/yoast.com\/product\/yoast-seo-wordpress\/ -->\n<title>Clausing Tiefbau \u2013 Ihr Partner f\u00fcr den Tiefbau.<\/title>\n<meta name=\"description\" content=\"CLAUSING \u2013 Ihr Partner f\u00fcr den Tiefbau. Wir l\u00f6sen anstehende Aufgaben ... Wir freuen uns auf Ihren Kontakt. CLAUSING GMBH. Emsweg 1, 49090 Osnabr\u00fcck\" \/>\n<meta name=\"robots\" content=\"index, follow, max-snippet:-1, max-image-preview:large, max-video-preview:-1\" \/>\n<link rel=\"canonical\" href=\"https:\/\/www.clausing-tiefbau.com\/clausing\/presse\/\" \/>\n<meta property=\"og:locale\" content=\"de_DE\" \/>\n<meta property=\"og:type\" content=\"article\" \/>\n<meta property=\"og:title\" content=\"Clausing Tiefbau \u2013 Ihr Partner f\u00fcr den Tiefbau.\" \/>\n<meta property=\"og:description\" content=\"CLAUSING \u2013 Ihr Partner f\u00fcr den Tiefbau. Wir l\u00f6sen anstehende Aufgaben ... Wir freuen uns auf Ihren Kontakt. CLAUSING GMBH. Emsweg 1, 49090 Osnabr\u00fcck\" \/>\n<meta property=\"og:url\" content=\"https:\/\/www.clausing-tiefbau.com\/clausing\/presse\/\" \/>\n<meta property=\"og:site_name\" content=\"Clausing Tiefbau\" \/>\n<meta property=\"article:modified_time\" content=\"2024-04-09T11:11:21+00:00\" \/>\n<meta name=\"twitter:card\" content=\"summary_large_image\" \/>\n<meta name=\"twitter:label1\" content=\"Gesch\u00e4tzte Lesezeit\" \/>\n\t<meta name=\"twitter:data1\" content=\"2\u00a0Minuten\" \/>\n<script type=\"application\/ld+json\" class=\"yoast-schema-graph\">{\"@context\":\"https:\\\/\\\/schema.org\",\"@graph\":[{\"@type\":\"WebPage\",\"@id\":\"https:\\\/\\\/www.clausing-tiefbau.com\\\/clausing\\\/presse\\\/\",\"url\":\"https:\\\/\\\/www.clausing-tiefbau.com\\\/clausing\\\/presse\\\/\",\"name\":\"Clausing Tiefbau \u2013 Ihr Partner f\u00fcr den Tiefbau.\",\"isPartOf\":{\"@id\":\"https:\\\/\\\/www.clausing-tiefbau.com\\\/clausing\\\/#website\"},\"datePublished\":\"2024-03-19T14:42:18+00:00\",\"dateModified\":\"2024-04-09T11:11:21+00:00\",\"description\":\"CLAUSING \u2013 Ihr Partner f\u00fcr den Tiefbau. Wir l\u00f6sen anstehende Aufgaben ... Wir freuen uns auf Ihren Kontakt. CLAUSING GMBH. Emsweg 1, 49090 Osnabr\u00fcck\",\"breadcrumb\":{\"@id\":\"https:\\\/\\\/www.clausing-tiefbau.com\\\/clausing\\\/presse\\\/#breadcrumb\"},\"inLanguage\":\"de\",\"potentialAction\":[{\"@type\":\"ReadAction\",\"target\":[\"https:\\\/\\\/www.clausing-tiefbau.com\\\/clausing\\\/presse\\\/\"]}]},{\"@type\":\"BreadcrumbList\",\"@id\":\"https:\\\/\\\/www.clausing-tiefbau.com\\\/clausing\\\/presse\\\/#breadcrumb\",\"itemListElement\":[{\"@type\":\"ListItem\",\"position\":1,\"name\":\"Startseite\",\"item\":\"https:\\\/\\\/www.clausing-tiefbau.com\\\/clausing\\\/\"},{\"@type\":\"ListItem\",\"position\":2,\"name\":\"Presse\"}]},{\"@type\":\"WebSite\",\"@id\":\"https:\\\/\\\/www.clausing-tiefbau.com\\\/clausing\\\/#website\",\"url\":\"https:\\\/\\\/www.clausing-tiefbau.com\\\/clausing\\\/\",\"name\":\"Clausing Tiefbau\",\"description\":\"Ihr Partner f\u00fcr den Tiefbau.\",\"potentialAction\":[{\"@type\":\"SearchAction\",\"target\":{\"@type\":\"EntryPoint\",\"urlTemplate\":\"https:\\\/\\\/www.clausing-tiefbau.com\\\/clausing\\\/?s={search_term_string}\"},\"query-input\":{\"@type\":\"PropertyValueSpecification\",\"valueRequired\":true,\"valueName\":\"search_term_string\"}}],\"inLanguage\":\"de\"}]}<\/script>\n<!-- \/ Yoast SEO plugin. -->","yoast_head_json":{"title":"Clausing Tiefbau \u2013 Ihr Partner f\u00fcr den Tiefbau.","description":"CLAUSING \u2013 Ihr Partner f\u00fcr den Tiefbau. Wir l\u00f6sen anstehende Aufgaben ... Wir freuen uns auf Ihren Kontakt. CLAUSING GMBH. Emsweg 1, 49090 Osnabr\u00fcck","robots":{"index":"index","follow":"follow","max-snippet":"max-snippet:-1","max-image-preview":"max-image-preview:large","max-video-preview":"max-video-preview:-1"},"canonical":"https:\/\/www.clausing-tiefbau.com\/clausing\/presse\/","og_locale":"de_DE","og_type":"article","og_title":"Clausing Tiefbau \u2013 Ihr Partner f\u00fcr den Tiefbau.","og_description":"CLAUSING \u2013 Ihr Partner f\u00fcr den Tiefbau. Wir l\u00f6sen anstehende Aufgaben ... Wir freuen uns auf Ihren Kontakt. CLAUSING GMBH. Emsweg 1, 49090 Osnabr\u00fcck","og_url":"https:\/\/www.clausing-tiefbau.com\/clausing\/presse\/","og_site_name":"Clausing Tiefbau","article_modified_time":"2024-04-09T11:11:21+00:00","twitter_card":"summary_large_image","twitter_misc":{"Gesch\u00e4tzte Lesezeit":"2\u00a0Minuten"},"schema":{"@context":"https:\/\/schema.org","@graph":[{"@type":"WebPage","@id":"https:\/\/www.clausing-tiefbau.com\/clausing\/presse\/","url":"https:\/\/www.clausing-tiefbau.com\/clausing\/presse\/","name":"Clausing Tiefbau \u2013 Ihr Partner f\u00fcr den Tiefbau.","isPartOf":{"@id":"https:\/\/www.clausing-tiefbau.com\/clausing\/#website"},"datePublished":"2024-03-19T14:42:18+00:00","dateModified":"2024-04-09T11:11:21+00:00","description":"CLAUSING \u2013 Ihr Partner f\u00fcr den Tiefbau. Wir l\u00f6sen anstehende Aufgaben ... Wir freuen uns auf Ihren Kontakt. CLAUSING GMBH. Emsweg 1, 49090 Osnabr\u00fcck","breadcrumb":{"@id":"https:\/\/www.clausing-tiefbau.com\/clausing\/presse\/#breadcrumb"},"inLanguage":"de","potentialAction":[{"@type":"ReadAction","target":["https:\/\/www.clausing-tiefbau.com\/clausing\/presse\/"]}]},{"@type":"BreadcrumbList","@id":"https:\/\/www.clausing-tiefbau.com\/clausing\/presse\/#breadcrumb","itemListElement":[{"@type":"ListItem","position":1,"name":"Startseite","item":"https:\/\/www.clausing-tiefbau.com\/clausing\/"},{"@type":"ListItem","position":2,"name":"Presse"}]},{"@type":"WebSite","@id":"https:\/\/www.clausing-tiefbau.com\/clausing\/#website","url":"https:\/\/www.clausing-tiefbau.com\/clausing\/","name":"Clausing Tiefbau","description":"Ihr Partner f\u00fcr den Tiefbau.","potentialAction":[{"@type":"SearchAction","target":{"@type":"EntryPoint","urlTemplate":"https:\/\/www.clausing-tiefbau.com\/clausing\/?s={search_term_string}"},"query-input":{"@type":"PropertyValueSpecification","valueRequired":true,"valueName":"search_term_string"}}],"inLanguage":"de"}]}},"_links":{"self":[{"href":"https:\/\/www.clausing-tiefbau.com\/clausing\/wp-json\/wp\/v2\/pages\/1702","targetHints":{"allow":["GET"]}}],"collection":[{"href":"https:\/\/www.clausing-tiefbau.com\/clausing\/wp-json\/wp\/v2\/pages"}],"about":[{"href":"https:\/\/www.clausing-tiefbau.com\/clausing\/wp-json\/wp\/v2\/types\/page"}],"author":[{"embeddable":true,"href":"https:\/\/www.clausing-tiefbau.com\/clausing\/wp-json\/wp\/v2\/users\/1"}],"replies":[{"embeddable":true,"href":"https:\/\/www.clausing-tiefbau.com\/clausing\/wp-json\/wp\/v2\/comments?post=1702"}],"version-history":[{"count":10,"href":"https:\/\/www.clausing-tiefbau.com\/clausing\/wp-json\/wp\/v2\/pages\/1702\/revisions"}],"predecessor-version":[{"id":1767,"href":"https:\/\/www.clausing-tiefbau.com\/clausing\/wp-json\/wp\/v2\/pages\/1702\/revisions\/1767"}],"wp:attachment":[{"href":"https:\/\/www.clausing-tiefbau.com\/clausing\/wp-json\/wp\/v2\/media?parent=1702"}],"curies":[{"name":"wp","href":"https:\/\/api.w.org\/{rel}","templated":true}]}}